2112
-1bb9b2 (base 12) to base 2
-1111001011011010110
206c7c (base 14) to base 13
2c42a0
What is 1c6648 (base 16) in base 15?
26b6e7
What is 104342053 (base 6) in base 13?
51483c
What is 33435146 (base 7) in base 9?
5408705
-1000101100010110010 (base 2) to base 7
-2264316
Convert -1ac34 (base 13) to base 8.
-146572
-1a8530 (base 12) to base 9
-786700
What is 1422112431 (base 5) in base 2?
1110001001000101101001
What is 1120220021 (base 3) in base 6?
400441
Convert 38890 (base 15) to base 16.
2c24a
What is -cce87 (base 16) in base 15?
-118a38
Convert c4075 (base 15) to base 4.
2113220312
4225622 (base 8) to base 7
12364442
What is -4850611 (base 9) in base 8?
-12023441
What is 211000201102000 (base 3) in base 14?
17a9da2
Convert -471584 (base 9) to base 7.
-2260021
210a73 (base 11) to base 4
1102201301
What is 358744 (base 10) in base 12?
153734
58034c (base 13) to base 5
1013214044
Convert -11000021000 (base 3) to base 10.
-78921
What is 110011010100111001100 (base 2) in base 8?
6324714
-62415324 (base 7) to base 9
-10777883
Convert 6ca67f (base 16) to base 14.
d34d1d
664b9b (base 13) to base 6
123352535
-356a1 (base 12) to base 8
-214231
Convert -1776333 (base 8) to base 15.
-a518d
-30119 (base 11) to base 5
-2402224
What is 864984 (base 10) in base 12?
3586a0
What is 11120120111 (base 3) in base 12?
44171
What is -114551330 (base 6) in base 13?
-5b9890
Convert 6a899 (base 13) to base 5.
22213224
Convert -473663 (base 9) to base 12.
-118a19
What is -1020111202110 (base 3) in base 14?
-132520
What is -10111101001100010010000 (base 2) in base 12?
-20ab780
Convert -9828937 (base 11) to base 3.
-1012111120210212
Convert 122976 (base 15) to base 8.
3242207
-11627e (base 15) to base 16
-cad63
15634 (base 12) to base 6
352104
Convert -284495 (base 11) to base 12.
-195732
What is 425510551 (base 6) in base 12?
2642457
242724 (base 9) to base 4
203233111
What is 100110010111001011 (base 2) in base 14?
41399
-1013311123 (base 4) to base 12
-122337
-10210011111 (base 3) to base 9
-123144
What is 1779965 (base 14) in base 2?
101100001101100010000101
What is 23007605 (base 8) in base 7?
60240452
What is 115800b (base 12) in base 16?
33270b
26421564 (base 7) to base 11
1407471
Convert -1132537 (base 8) to base 3.
-120200021201
Convert -2b7cdc (base 14) to base 13.
-412ac5
Convert 41af5 (base 16) to base 2.
1000001101011110101
Convert 858813 (base 10) to base 6.
30223553
Convert 1010000100100001010 (base 2) to base 15.
67b99
Convert -cb311 (base 16) to base 8.
-3131421
What is 10206064 (base 7) in base 14?
1851db
What is 13151541 (base 6) in base 16?
6a195
Convert 11211020011 (base 3) to base 10.
94936
What is 34303 (base 9) in base 12?
11279
What is 14707732 (base 9) in base 16?
6fd01f
310551 (base 6) to base 10
24835
Convert -3123303 (base 6) to base 13.
-53a09
-25b349 (base 15) to base 3
-10101221111120
Convert 54635 (base 7) to base 16.
3581
Convert 73994 (base 11) to base 9.
173625
What is -320322323111 (base 4) in base 13?
-3125963
What is -9077 (base 11) in base 13?
-564c
11220011022000 (base 3) to base 8
11730510
What is aabc (base 13) in base 3?
1012200001
Convert -110010110011101101 (base 2) to base 4.
-302303231
1233201243 (base 6) to base 4
313003210323
100500240 (base 7) to base 4
112103332002
Convert 2a9199 (base 11) to base 12.
1b2240
Convert 221312030103 (base 4) to base 12.
3810383
What is 21112201000 (base 3) in base 6?
3103300
What is -314420 (base 11) in base 6?
-14443332
Convert -330340 (base 8) to base 14.
-2c556
-27651 (base 8) to base 12
-7089
-111254 (base 7) to base 10
-19688
What is 100232232 (base 4) in base 15?
15486
What is aebd22 (base 15) in base 2?
11111110100110000110110
What is -4431450 (base 7) in base 9?
-1021373
c2043d (base 15) to base 8
43115364
3153260 (base 7) to base 12
165728
What is 45448c (base 13) in base 12?
66b7b1
-1603b2 (base 14) to base 13
-20c08a
-1850a68 (base 11) to base 4
-23331033322
a9a24 (base 11) to base 3
22002222001
What is 278639 (base 12) in base 8?
2404215
Convert e7393 (base 16) to base 8.
3471623
Convert 201321221021 (base 4) to base 10.
8886857
-31f8d8 (base 16) to base 6
-154105520
Convert -5006615 (base 7) to base 6.
-20354145
300331033321 (base 4) to base 14
19c106d
-214059 (base 10) to base 8
-642053
What is 1111041 (base 7) in base 3?
20222020120
Convert -27d60 (base 16) to base 9.
-267737
What is -ab867 (base 15) in base 4?
-2011013320
What is 40333 (base 5) in base 13?
1246
What is 1212352 (base 6) in base 3?
10020220012
-17370544 (base 10) to base 7
-300434662
Convert -103202021203 (base 4) to base 12.
-186b397
What is 1822533 (base 9) in base 14?
1c742c
Convert 415414153 (base 6) to base 8.
33555365
Convert -a2aaa5 (base 13) to base 4.
-32132032313
Convert 36564111 (base 7) to base 12.
1120089
What is -68030 (base 11) in base 14?
-27c99
Convert -1100100001011011001 (base 2) to base 7.
-3326203
Convert -21304345 (base 9) to base 2.
-100111001101001101011110
What is -11210140 (base 5) in base 6?
-2054022
What is -35132011 (base 6) in base 9?
-2033537
Convert 30231322332 (base 4) to base 13.
8c959b
157482 (base 9) to base 13
3540b
133059 (base 10) to base 15
29659
-20321142 (base 5) to base 6
-3325211
Convert 2042a (base 12) to base 14.
1149c
What is 662412 (base 9) in base 2?
1100000100010111101
-2121110012 (base 3) to base 2
-1100100010011111
-2258067 (base 13) to base 8
-50212376
-1450365 (base 7) to base 3
-101000100010
What is 38999 (base 13) in base 16?
199ca
Convert -708ba (base 12) to base 6.
-3045554
What is -2a47258 (base 12) in base 4?
-200220302210
1110100110100100101 (base 2) to base 4
1310310211
-16a63 (base 13) to base 16
-a9fa
What is 17427645 (base 8) in base 4?
33202332211
What is 102333321 (base 4) in base 16?
12ff9
-7a981 (base 14) to base 16
-48cf5
Convert -142167 (base 12) to base 2.
-1010001111001011111
Convert 36dc42 (base 15) to base 7.
31225205
d2aa5 (base 15) to base 8
2427220
What is 1360b90 (base 13) in base 7?
102653106
-224a26 (base 14) to base 11
-726690
What is 41a970 (base 15) in base 4?
23322230211
What is 10101011111011110011 (base 2) in base 16?
abef3
-155250533 (base 6) to base 10
-3334809
What is -14234314 (base 7) in base 12?
-54551a
Convert -613b7 (base 12) to base 10.
-126715
What is -4786557 (base 9) in base 3?
-11212220121221
What is -1021020112021 (base 3) in base 16?
-a48bd
Convert 1240054 (base 8) to base 14.
8d592
1442220 (base 7) to base 6
4104023
22204132 (base 7) to base 13
5219a7
Convert -327721 (base 9) to base 5.
-22232313
Convert 34744b (base 13) to base 5.
304303431
Convert -4b14 (base 12) to base 7.
-33550
Convert 13554817 (base 10) to base 2.
110011101101010010000001
What is 13a744 (base 16) in base 13?
361343
-110100010001100001111 (base 2) to base 13
-47c875
What is 4360 (base 16) in base 14?
6400
Convert -1213231212 (base 4) to base 14.
-b0b54
140300233 (base 5) to base 16
adf78
-101374 (base 8) to base 2
-1000001011111100
What is -118b20 (base 12) in base 14?
-75c12
What is 1111100200202 (base 3) in base 13?
21a769
Convert 132332 (base 4) to base 14.
a18
-788027 (base 12) to base 15
-27e547
Convert 441315 (base 6) to base 4.
20330033
What is 3152134 (base 6) in base 9?
255204
What is -3002130020 (base 4) in base 5?
-200441144
Convert -11111010111011000101 (base 2) to base 8.
-3727305
What is -6a89ab (base 16) in base 8?
-32504653
Convert 30477176 (base 8) to base 12.
21b3592
What is 9f318 (base 16) in base 15?
cd306
Convert 13100655 (base 7) to base 13.
32a3ba
What is -1510655 (base 7) in base 2?
-110001111010000011
Convert -3322000304 (base 5) to base 16.
-6e268d
Convert -21158f (base 16) to base 3.
-11002011012222
What is -1020656 (base 10) in base 16?
-f92f0
Convert 122121 (base 4) to base 6.
11453
Convert 5b975 (base 13) to base 5.
20343324
23194 (base 16) to base 3
21022012121
What is -9342 (base 14) in base 11?
-18049
What is -10431001 (base 6) in base 7?
-2451535
Convert 2db222 (base 14) to base 11.
9a73a3
What is 100010100100010000000 (base 2) in base 11?
703aa2
What is 2536 (base 8) in base 12?
966
304331130 (base 5) to base 16
13025e
What is -2001442241 (base 5) in base 4?
-33001032230
ed063 (base 16) to base 10
970851
Convert 24434255 (base 6) to base 11.
494967
35a35 (base 13) to base 15
1e252
2312120313 (b